, 6759979
What are the prime factors of 2467323000?
2, 3, 5, 274147
What are the prime factors of 129864516?
2, 3, 2753, 3931
What are the prime factors of 36028747?
167, 443, 487
List the prime factors of 3522602753.
13781, 255613
What are the prime factors of 1602835989?
3, 179, 389, 7673
List the prime factors of 44663746.
2, 23, 31, 31321
What are the prime factors of 10018141?
7, 59, 127, 191
What are the prime factors of 61424318?
2, 271, 113329
List the prime factors of 105950318.
2, 71, 746129
What are the prime factors of 129506113?
11, 1153, 10211
List the prime factors of 9659657.
7, 19, 59, 1231
What are the prime factors of 50436868?
2, 19, 73, 9091
What are the prime factors of 210675551?
5039, 41809
List the prime factors of 749971309.
749971309
What are the prime factors of 35795151?
3, 7, 568177
What are the prime factors of 140052533?
140052533
What are the prime factors of 1000939404?
2, 3, 83411617
List the prime factors of 38049050.
2, 5, 13, 58537
List the prime factors of 205729943.
205729943
List the prime factors of 214794054.
2, 3, 53, 61, 3691
What are the prime factors of 68994586?
2, 19, 1815647
List the prime factors of 1020773706.
2, 3, 11287, 15073
What are the prime factors of 1007035009?
5857, 171937
List the prime factors of 523560229.
29, 569, 31729
What are the prime factors of 74628679?
479, 155801
What are the prime factors of 37990937?
17, 19, 117619
What are the prime factors of 603292043?
603292043
List the prime factors of 282848423.
11, 13, 1977961
List the prime factors of 357435329.
47, 137, 55511
What are the prime factors of 125042065?
5, 31, 43, 73, 257
List the prime factors of 944658422.
2, 4447, 106213
List the prime factors of 1690393505.
5, 338078701
What are the prime factors of 321322992?
2, 3, 6694229
List the prime factors of 175640988.
2, 3, 2707, 5407
List the prime factors of 226561187.
19, 109, 109397
What are the prime factors of 2698533258?
2, 3, 223, 2016841
List the prime factors of 13369249.
79, 229, 739
List the prime factors of 367243400.
2, 5, 19, 96643
List the prime factors of 50460678.
2, 3, 109, 8573
List the prime factors of 28823448.
2, 3, 29, 41413
List the prime factors of 2146635606.
2, 3, 41, 47, 401, 463
List the prime factors of 88850575.
5, 11, 323093
List the prime factors of 377735050.
2, 5, 7, 11, 41, 2393
What are the prime factors of 165341226?
2, 3, 179, 153949
What are the prime factors of 348646972?
2, 23, 164767
List the prime factors of 158096688.
2, 3, 3293681
What are the prime factors of 93492918?
2, 3, 1861, 2791
List the prime factors of 345245787.
3, 61, 209621
List the prime factors of 81822665.
5, 16364533
List the prime factors of 104958932.
2, 13, 31, 65111
List the prime factors of 44137952.
2, 43, 32077
List the prime factors of 172685549.
37, 43, 311, 349
List the prime factors of 398987303.
11, 13, 419, 6659
What are the prime factors of 15116592?
2, 3, 31, 10159
What are the prime factors of 340124338?
2, 17, 10003657
List the prime factors of 378550989.
3, 1557823
What are the prime factors of 1456487701?
43, 881, 38447
What are the prime factors of 451096293?
3, 150365431
What are the prime factors of 129635478?
2, 3, 7, 2333
What are the prime factors of 51609898?
2, 41, 83, 7583
What are the prime factors of 82374594?
2, 3, 13729099
List the prime factors of 180183763.
149, 1209287
What are the prime factors of 266752105?
5, 1289, 41389
What are the prime factors of 1347028324?
2, 1657, 203233
What are the prime factors of 101120120?
2, 5, 2528003
List the prime factors of 84485819.
11, 31, 247759
What are the prime factors of 4432954?
2, 17, 241, 541
What are the prime factors of 2012371674?
2, 3, 347, 966557
What are the prime factors of 452440399?
2467, 183397
What are the prime factors of 92329719?
3, 30776573
What are the prime factors of 24648216?
2, 3, 37, 41, 677
List the prime factors of 150157434.
2, 3, 7, 127, 28151
What are the prime factors of 711241888?
2, 7, 113, 28099
What are the prime factors of 330898436?
2, 11, 7520419
What are the prime factors of 1156964108?
2, 289241027
List the prime factors of 78683884.
2, 1373, 14327
What are the prime factors of 189801877?
189801877
What are the prime factors of 109301433?
3, 19, 1917569
What are the prime factors of 65576823?
3, 13, 241, 6977
What are the prime factors of 849480411?
3, 13, 21781549
List the prime factors of 253848685.
5, 5179, 9803
What are the prime factors of 4194371134?
2, 37, 53, 733, 1459
What are the prime factors of 149768313?
3, 3407, 14653
List the prime factors of 865196555.
5, 17, 41, 409, 607
List the prime factors of 170857726.
2, 13, 6571451
What are the prime factors of 3645437684?
2, 7, 31, 4199813
What are the prime factors of 8360584755?
3, 5, 23, 24233579
List the prime factors of 114314812.
2, 43, 664621
What are the prime factors of 209129470?
2, 5, 11, 1901177
List the prime factors of 373619063.
89, 4197967
What are the prime factors of 63884087?
23, 31, 89599
List the prime factors of 59543035.
5, 101, 157, 751
List the prime factors of 90428462.
2, 45214231
List the prime factors of 30139644.
2, 3, 2511637
List the prime factors of 737006693.
41, 461, 38993
List the prime factors of 536165711.
536165711
List the prime factors of 4114306828.
2, 3407, 301901
What are the prime factors of 567530152?
2, 7, 19, 23, 3313
List the prime factors of 5235536963.
19, 37, 251, 29671
List the prime factors of 2738993276.
2, 29, 107, 220673
List the prime factors of 167781209.
167781209
List the prime factors of 518201321.
11, 107, 397, 1109
What are the prime factors of 1451077378?
2, 2213, 327853
List the prime factors of 25656487.
25656487
What are the prime factors of 3012088246?
2, 28439, 52957
What are the prime factors of 125786366?
2, 17, 3699599
List the prime factors of 1136609489.
73, 2437, 6389
What are the prime factors of 624136247?
7, 3533, 25237
What are the prime factors of 26623778?
2, 479, 27791
List the prime factors of 101581706.
2, 50790853
What are the prime factors of 3411327538?
2, 1705663769
List the prime factors of 130874713.
130874713
What are the prime factors of 2229042712?
2, 13, 21433103
List the prime factors of 1698811928.
2, 11, 1754971
List the prime factors of 74697293.
11, 617333
What are the prime factors of 8250501?
3, 7, 59, 6659
What are the prime factors of 17892256?
2, 559133
List the prime factors of 1049107.
263, 3989
What are the prime factors of 152777915?
5, 4643, 6581
List the prime factors of 944350833.
3, 17, 1621, 11423
List the prime factors of 10172153.
1049, 9697
List the prime factors of 14516137.
14516137
List the prime factors of 11255690.
2, 5, 1125569
List the prime factors of 740509109.
421, 1758929
List the prime factors of 466238817.
3, 11, 4709483
List the prime factors of 254198344.
2, 31774793
What are the prime factors of 1199489843?
31573, 37991
What are the prime factors of 63757262?
2, 503, 63377
List the prime factors of 29889117.
3, 1409, 2357
List the prime factors of 216622402.
2, 29, 1471, 2539
What are the prime factors of 21354969?
3, 2447, 2909
What are the prime factors of 4617456?
2, 3, 19, 61, 83
List the prime factors of 356797993.
37, 83, 223, 521
What are the prime factors of 93864926?
2, 46932463
What are the prime factors of 829238616?
2, 3, 11517203
What are the prime factors of 2121468005?
5, 859, 493939
List the prime factors of 1969469370.
2, 3, 5, 11, 31, 21391
What are the prime factors of 89263954?
2, 13, 3433229
What are the prime factors of 1625510035?
5, 431, 754297
List the prime factors of 5806835270.
2, 5, 929, 625063
What are the prime factors of 3988454301?
3, 13, 1049, 32497
List the prime factors of 47974461.
3, 277, 57731
What are the prime factors of 3082377219?
3, 17, 60438769
What are the prime factors of 4489259664?
2, 3, 93526243
What are the prime factors of 197193495?
3, 5, 19, 691907
What are the prime factors of 779115100?
2, 5, 17, 26959
What are the prime factors of 212020459?
7, 151, 200587
List the prime factors of 9319814.
2, 7, 179, 3719
List the prime factors of 58915247.
3023, 19489
What are the prime factors of 60736134?
2, 3, 59, 171571
What are the prime factors of 535468102?
2, 13, 20594927
What are the prime factor